e
Let s = 5 + -4. Let v(l) = 34*l**3 - l**2 + 2*l - 1. Is v(s) composite?
True
Let z(f) = f**3 + 8*f**2 + 2. Let x be z(-8). Let c(w) = -1 + 1 + w - 1 + 17*w**x. Is c(-3) a prime number?
True
Is (-4)/6 - (-3419)/3 prime?
False
Let y be (-446)/(-8) + 12/48. Let d = 165 - y. Is d a composite number?
False
Let k(y) = y + 12. Let t be k(-8). Suppose -4*p = r - t*r - 6, -p + 6 = -3*r. Let g(v) = -6*v + 1. Is g(r) a prime number?
True
Let h(q) be the third derivative of q**5/60 - 7*q**4/12 + q**3/6 - q**2. Let m be h(9). Let o = 82 + m. Is o a composite number?
True
Let g = 0 + 4. Suppose -5*o + 4*z = -4 - 3, -2*o = g*z - 14. Suppose 229 = o*a - 2. Is a composite?
True
Is (-3)/4 - (-3021)/12 a prime number?
True
Let p be -184 + -2*(-3)/3. Suppose 103 = 2*j - 923. Let k = p + j. Is k a composite number?
False
Let h(p) = 46*p**2 - p + 1. Let o be h(1). Let m be o/(-8) - 3/12. Is (-126)/(-10) + m/(-15) a prime number?
True
Let a(y) = y**2 + 10*y + 5. Let b be a(-10). Suppose 10 = 5*k, -r - 2*k + b*k = 61. Let d = -32 - r. Is d a prime number?
True
Let h(l) = l**3 - 7*l**2 + l - 8. Let m be h(7). Let v(k) = 3*k**2 + k - 5. Let g(i) = -2*i**2 - i + 4. Let r(d) = 6*g(d) + 5*v(d). Is r(m) prime?
True
Suppose -r - r = -a + 14, -5*a + 40 = -4*r. Let d be (-2)/(-6) - 3448/(-6). Suppose a*c = -c + d. Is c prime?
False
Suppose 4*b - 3*h - 30 = -5*h, -2*h = -b. Let j(r) = r - 15. Let n be j(15). Suppose n = -2*t + b*t - 28. Is t a composite number?
False
Suppose 4*k = 1530 + 890. Suppose -3*a - 2*a = -k. Is a a prime number?
False
Let f = -3 + 4. Is (f + (-1 - 2))*-13 prime?
False
Suppose -5*a + a + 284 = 0. Let j be 22*(3 + -2)/(-1). Let r = a + j. Is r a composite number?
True
Let p(x) = 56*x + 3. Let l be p(7). Suppose -l = -0*f - 5*f. Is f a prime number?
True
Let l = -287 + 942. Is l composite?
True
Let d be (-1259)/(-6) - (-2)/12. Suppose 0 = -2*k + 7*k - d. Suppose t - k = -t. Is t a prime number?
False
Let g(a) = 17*a**3 - a**2 + 4*a + 1. Let w(x) = -35*x**3 + 2*x**2 - 9*x - 2. Let n(l) = 14*g(l) + 6*w(l). Let k be n(2). Suppose 4*r = r + k. Is r prime?
False
Is 8592/28 + (-3)/(-21) a composite number?
False
Let p(d) = 0*d**3 - d**3 - d + 94 - 5. Is p(0) composite?
False
Suppose -172 = -4*b + 3*a + 3511, 5*a = 15. Is b composite?
True
Let p(h) = h**3 - 10*h**2 - 10*h - 15. Let d be p(11). Let x be 7 + -1 + d/2. Suppose -1495 + 467 = -x*c. Is c a prime number?
True
Let y(n) = n**3 - 4*n**2 - 2*n - 7. Let g be y(5). Let m = 63 + g. Is m composite?
False
Suppose f + f - 998 = 0. Is f composite?
False
Let w(m) = 2*m - 7. Let y be w(5). Suppose q - 25 = 4*f, -y*q + 5*q + 2*f = 0. Is ((-115)/4)/(q/(-20)) composite?
True
Let g = -399 + 179. Let q be (-1 - -4) + (-10 - -486). Let y = q + g. Is y a composite number?
True
Suppose 3*w + 0*w + 34 = 4*x, -3*x + 4*w + 29 = 0. Let s(k) = -k**2 + 6*k + 7. Let n be s(x). Suppose -2*c + 25 = 2*f - 3*c, c - 1 = n. Is f prime?
True
Let p(s) = -s**3 - 6*s**2 - 5*s + 5. Let q be p(-6). Let j = 70 - q. Is j composite?
True
Let y = 51 + -23. Let l be y + (-3 - 2*-2). Suppose -2*d + 81 = -l. Is d a composite number?
True
Let w(i) = 1651*i**2 - 6*i. Is w(-1) composite?
False
Suppose -2799 = -4*t - 5*r, 2803 = t + 3*t + r. Is t a prime number?
True
Let z be (-20)/(-50) - 174/10. Let m = z + 52. Is m a composite number?
True
Suppose 4*l = -d - 8, -4*d = d - 4*l - 8. Suppose d = -4*c + 51 + 13. Suppose -4*b + 48 = 4*u, -3*b + 2*b + c = -3*u. Is b a prime number?
True
Let h(u) = u**3 - 17*u**2 + 5*u - 2. Is h(17) a prime number?
True
Suppose 2*o = 3*o - 161. Is o composite?
True
Suppose 0 = -4*h + 393 + 159. Is (-1)/(h/(-68) - -2) prime?
False
Is 4 - (4 + -7 + -204) prime?
True
Let r(h) = h**3 + 16*h**2 + 6. Is r(-7) a prime number?
False
Let l = 1198 + -543. Let h = -176 + l. Is h a prime number?
True
Let v = -3 - -8. Let r(n) = -n**2 + 10*n + 6. Let d be r(v). Let b = 116 - d. Is b a prime number?
False
Let a = 103 - -100. Is a a prime number?
False
Suppose -7 - 9 = -4*g. Let c(r) = 132*r**2 + 3*r**3 + 0*r**3 + r - 5 - 135*r**2. Is c(g) a prime number?
False
Suppose 4*x + 3*z = 2266, -3*x + z = -2552 + 859. Is x prime?
False
Let s(v) = v**3 + 18*v**2 + 17*v. Let l be s(-17). Let n(o) = -9*o - 62. Let c(x) = -5*x - 31. Let f(i) = 7*c(i) - 4*n(i). Is f(l) a composite number?
False
Let k(q) = 14 - 15*q - 9*q - 8*q - 7*q. Is k(-11) composite?
False
Let x be 12/5 + (-8)/20. Let l be 30*((-5)/x)/5. Is 1/5 - 1302/l a composite number?
True
Let q be 1*(0 + 0) - 165. Let t = q - -665. Is t/16 - (-1)/(-4) a prime number?
True
Suppose 864 = 5*b - 811. Is b prime?
False
Let g = -394 + 773. Is g a prime number?
True
Is (2/(-6))/(8/(-6168)) a composite number?
False
Suppose -4*l + 5011 = 599. Is l prime?
True
Let l be 1*(-3)/9*-3. Suppose 0*m = m - l. Is 11*(1 - (-1 - m)) composite?
True
Let y = 815 - 396. Is y prime?
True
Let u be (-3)/5 - (-38)/5. Suppose -2*d + n = -75, -2*d - 4*n = -u*d + 189. Is d composite?
False
Let x(y) = 2*y**2 + y - 5. Let i(k) = -4 + 3*k + 0 - 2*k. Let w be i(0). Is x(w) prime?
True
Suppose -4*x + 1920 = 3*v, 3*v + 5*x = 5*v - 1303. Suppose 5*u = 4*u + v. Suppose 4*z + 0*z = u. Is z prime?
False
Let j be (-2)/6 - (-1)/3. Suppose j = -2*d + 4*d - 98. Is d prime?
False
Suppose -u - 4 = 2*x, 2*u - x = -0*x - 3. Is (-87)/(3*u/4) a composite number?
True
Let y(z) = 49*z - 9. Let n be y(7). Suppose -4*q + 2*o = -n - 54, 4*q + 4*o - 388 = 0. Is q composite?
False
Let t(n) = -49*n + 1 + 27*n - 32*n. Is t(-4) prime?
False
Let d(j) = -j**2 + j - 1. Let y be d(4). Is (7/(-4))/(y/12116) a composite number?
True
Suppose 0 = 2*r + 3*r - 325. Let y be -9 - 2/1 - 3. Let h = y + r. Is h prime?
False
Let n = -37 + 96. Is n composite?
False
Let i(d) = 7*d + 11. Suppose 1 = 4*j - 3, -f + 5*j + 9 = 0. Is i(f) composite?
False
Let k = 486 + -39. Is k a prime number?
False
Let u(g) = g**3 + 6*g**2 + 4*g - 1. Let p be u(-5). Suppose -4*f - 3*x = x - 648, 620 = p*f - 3*x. Is f + 1/((-1)/(-3)) composite?
True
Let u(k) = -5*k**2 - 12*k + 8. Let m(n) = n**2 + 3*n - 2. Let i(f) = -9*m(f) - 2*u(f). Is i(4) composite?
True
Let w = 68 - -19. Is w prime?
False
Let d(l) = -l - 6. Let t be d(-10). Let y = 62 + t. Suppose -i + 37 = -4*g, -2*i = i + 3*g - y. Is i a prime number?
False
Let p = 806 + -340. Is p prime?
False
Suppose -2*j = b - 3*b + 10, 2*b + 46 = -5*j. Let r be 2*-62*2/j. Let a = -12 + r. Is a a prime number?
True
Let x(h) = -3*h**3 - 7*h**2 + 6*h - 1. Let t be x(4). Let n = t + 502. Is n composite?
True
Is (2 + 0)*1991/22 a composite number?
False
Let a = 29 - 58. Let u = 21 + a. Is u + 106 + (-2 - -1) a prime number?
True
Let z(m) = -m**3 + 8*m**2 + 10*m - 8. Let n be z(9). Is (17 + 2)/(2 - n) a prime number?
True
Suppose -15 + 7 = -4*y. Suppose 3*r - 4 = 5*f + 67, 86 = 4*r + y*f. Is r prime?
False
Let a = -18274 - -26177. Is a a prime number?
False
Let s(g) = 75*g**3 + 10*g**2 + 6*g + 10. Let n(t) = 50*t**3 + 7*t**2 + 4*t + 7. Let m(d) = -7*n(d) + 5*s(d). Is m(2) a composite number?
True
Let q = 78 + 113. Is q composite?
False
Let z = -193 - -93. Let l = 153 + z. Is l composite?
False
Suppose -3 = 2*v + 7, 5*v - 398 = -3*j. Is j a prime number?
False
Let x = 68 - 25. Suppose -x - 33 = -t + 2*r, -407 = -5*t + r. Is t prime?
False
Suppose -5 = -2*p + 3*p. Is (-748)/p - (-18)/(-30) a prime number?
True
Let f(q) = q + 1. Let z be f(-5). Suppose -4*d - 156 = -56. Let k = z - d. Is k prime?
False
Is -1 - (-290)/(4 - 3) a prime number?
False
Let u = 3 - 3. Let w = 2 + u. Is (0 + (-138)/(-4))*w prime?
False
Suppose 4*o + 2 = b + 1, -b + 5*o = 0. Suppose -3*r + 4 = -b. Suppose -3*s + 9 + 39 = -3*g, r*s + 2*g = 73. Is s a composite number?
True
Let w = 14 + -9. Suppose 159 + 30 = 5*u + k, -2*u - w*k = -94. Is u composite?
False
Suppose 0 = 4*c - 12 - 4. Let n = c + -2. Suppose -a = 0, n*a = 2*f + 2*f - 16. Is f a composite number?
True
Suppose 4681 = 5*l - 2514. Is l a composite number?
False
Suppose 2*v = 5*r - 3626, 2*r - 3*v = -2*r + 2905. Suppose -6*a + 2*a = -r. Is a a prime number?
True
Let x be -4 + 5 - (1 - -66). Let g = 119 + x. Is g prime?
True
Let r(u) = 10*u**2 + 2*u + 12. Let q be r(6). Let c = 541 - q. Is c composite?
False
Is 8937/12 - 1*4/(-16) prime?
False
Let z be (3/6)/(1/10). Suppose p = -p - 4*o + 18, p = -z*o + 9. Let c